inder when 9 is divided by 6.
3
What is the remainder when 879 is divided by 92?
51
What is the remainder when 199 is divided by 19?
9
Calculate the remainder when 276 is divided by 77.
45
Calculate the remainder when 49 is divided by 1.
0
What is the remainder when 2436 is divided by 427?
301
What is the remainder when 483 is divided by 198?
87
Calculate the remainder when 1108 is divided by 107.
38
Calculate the remainder when 150 is divided by 86.
64
Calculate the remainder when 931 is divided by 151.
25
What is the remainder when 373 is divided by 22?
21
What is the remainder when 680 is divided by 171?
167
Calculate the remainder when 995 is divided by 37.
33
What is the remainder when 483 is divided by 46?
23
Calculate the remainder when 533 is divided by 159.
56
What is the remainder when 50 is divided by 19?
12
What is the remainder when 982 is divided by 82?
80
What is the remainder when 1356 is divided by 23?
22
Calculate the remainder when 239 is divided by 44.
19
What is the remainder when 40318 is divided by 315?
313
What is the remainder when 125 is divided by 76?
49
Calculate the remainder when 2339 is divided by 51.
44
Calculate the remainder when 208 is divided by 35.
33
What is the remainder when 193 is divided by 40?
33
What is the remainder when 179 is divided by 10?
9
Calculate the remainder when 747 is divided by 98.
61
What is the remainder when 690 is divided by 48?
18
What is the remainder when 52 is divided by 11?
8
What is the remainder when 2200 is divided by 26?
16
What is the remainder when 214 is divided by 20?
14
Calculate the remainder when 119 is divided by 21.
14
What is the remainder when 1835 is divided by 230?
225
Calculate the remainder when 248 is divided by 216.
32
What is the remainder when 81 is divided by 66?
15
Calculate the remainder when 1023 is divided by 114.
111
What is the remainder when 470 is divided by 379?
91
What is the remainder when 32 is divided by 11?
10
Calculate the remainder when 171 is divided by 62.
47
Calculate the remainder when 292 is divided by 39.
19
What is the remainder when 146 is divided by 135?
11
What is the remainder when 39934 is divided by 52?
50
What is the remainder when 134 is divided by 71?
63
Calculate the remainder when 494 is divided by 86.
64
Calculate the remainder when 148 is divided by 53.
42
Calculate the remainder when 46 is divided by 25.
21
Calculate the remainder when 2239 is divided by 4.
3
Calculate the remainder when 88 is divided by 34.
20
What is the remainder when 75 is divided by 46?
29
What is the remainder when 2064 is divided by 173?
161
What is the remainder when 3621 is divided by 6?
3
Calculate the remainder when 533 is divided by 80.
53
What is the remainder when 169 is divided by 39?
13
Calculate the remainder when 1277 is divided by 127.
7
Calculate the remainder when 223 is divided by 56.
55
What is the remainder when 269 is divided by 45?
44
What is the remainder when 12 is divided by 11?
1
What is the remainder when 3000 is divided by 28?
4
Calculate the remainder when 2991 is divided by 17.
16
Calculate the remainder when 1226 is divided by 41.
37
Calculate the remainder when 82 is divided by 46.
36
Calculate the remainder when 33 is divided by 20.
13
Calculate the remainder when 862 is divided by 7.
1
Calculate the remainder when 295 is divided by 10.
5
Calculate the remainder when 706 is divided by 142.
138
What is the remainder when 3292 is divided by 31?
6
Calculate the remainder when 1768 is divided by 251.
11
What is the remainder when 923 is divided by 252?
167
What is the remainder when 2331 is divided by 581?
7
What is the remainder when 450 is divided by 13?
8
What is the remainder when 10333 is divided by 15?
13
Calculate the remainder when 92 is divided by 24.
20
Calculate the remainder when 279 is divided by 13.
6
Calculate the remainder when 98 is divided by 51.
47
Calculate the remainder when 2375 is divided by 10.
5
What is the remainder when 557 is divided by 146?
119
Calculate the remainder when 308 is divided by 160.
148
Calculate the remainder when 115 is divided by 56.
3
Calculate the remainder when 2286 is divided by 762.
0
What is the remainder when 3240 is divided by 1608?
24
Calculate the remainder when 3711 is divided by 6.
3
What is the remainder when 637 is divided by 40?
37
Calculate the remainder when 1397 is divided by 20.
17
Calculate the remainder when 2560 is divided by 61.
59
What is the remainder when 872 is divided by 73?
69
What is the remainder when 565 is divided by 63?
61
What is the remainder when 1386 is divided by 690?
6
What is the remainder when 130 is divided by 19?
16
Calculate the remainder when 429 is divided by 77.
44
Calculate the remainder when 88 is divided by 35.
18
What is the remainder when 290 is divided by 95?
5
Calculate the remainder when 94 is divided by 60.
34
What is the remainder when 291 is divided by 231?
60
Calculate the remainder when 10618 is divided by 20.
18
What is the remainder when 1340 is divided by 422?
74
What is the remainder when 114 is divided by 34?
12
What is the remainder when 1502 is divided by 94?
92
Calculate the remainder when 112 is divided by 61.
51
What is the remainder when 244 is divided by 138?
106
Calculate the remainder when 141 is divided by 39.
24
What is the remainder when 610 is divided by 43?
8
Calculate the remainder when 1132 is divided by 43.
14
What is the remainder when 1024 is divided by 169?
10
Calculate the remainder when 507 is divided by 162.
21
Calculate the remainder when 16166 is divided by 17.
16
Calculate the remainder when 2948 is divided by 13.
10
What is the remainder when 1674 is divided by 67?
66
What is the remainder when 24 is divided by 13?
11
Calculate the remainder when 146 is divided by 62.
22
Calculate the remainder when 236 is divided by 20.
16
What is the remainder when 11580 is divided by 61?
51
Calculate the remainder when 30683 is divided by 17.
15
What is the remainder when 788 is divided by 42?
32
What is the remainder when 3037 is divided by 190?
187
What is the remainder when 688 is divided by 115?
113
What is the remainder when 328 is divided by 104?
16
Calculate the remainder when 264 is divided by 4.
0
What is the remainder when 26 is divided by 6?
2
Calculate the remainder when 191 is divided by 75.
41
Calculate the remainder when 486 is divided by 43.
13
Calculate the remainder when 10221 is divided by 142.
139
What is the remainder when 87 is divided by 46?
41
Calculate the remainder when 834 is divided by 38.
36
What is the remainder when 294 is divided by 59?
58
Calculate the remainder when 790 is divided by 11.
9
Calculate the remainder when 224 is divided by 25.
24
Calculate the remainder when 53492 is divided by 7.
5
What is the remainder when 33 is divided by 26?
7
Calculate the remainder when 10022 is divided by 28.
26
Calculate the remainder when 94 is divided by 76.
18
What is the remainder when 6843 is divided by 16?
11
What is the remainder when 3387 is divided by 564?
3
Calculate the remainder when 97 is divided by 25.
22
Calculate the remainder when 179 is divided by 24.
11
Calculate the remainder when 1683 is divided by 46.
27
Calculate the remainder when 162 is divided by 48.
18
Calculate the remainder when 198 is divided by 12.
6
What is the remainder when 7023 is divided by 2337?
12
Calculate the remainder when 86 is divided by 41.
4
What is the remainder when 338 is divided by 163?
12
What is the remainder when 22907 is divided by 58?
55
Calculate the remainder when 1129 is divided by 29.
27
Calculate the remainder when 427 is divided by 120.
67
What is the remainder when 3980 is divided by 11?
9
Calculate the remainder when 959 is divided by 74.
71
Calculate the remainder when 927 is divided by 85.
77
Calculate the remainder when 460 is divided by 209.
42
What is the remainder when 72 is divided by 19?
15
Calculate the remainder when 3400 is divided by 178.
18
Calculate the remainder when 1008 is divided by 157.
66
Calculate the remainder when 1813 is divided by 52.
45
Calculate the remainder when 241 is divided by 48.
1
Calculate the remainder when 1457 is divided by 242.
5
Calculate the remainder when 294 is divided by 9.
6
What is the remainder when 784 is divided